 of 1997918?
2, 13, 23, 257
List the prime factors of 1780981.
31, 73, 787
What are the prime factors of 1300672?
2, 20323
List the prime factors of 14045700.
2, 3, 5, 46819
List the prime factors of 3161175.
3, 5, 113, 373
List the prime factors of 3847413.
3, 1282471
What are the prime factors of 358036?
2, 7, 19, 673
What are the prime factors of 163054?
2, 81527
List the prime factors of 6881264.
2, 13, 33083
List the prime factors of 3372495.
3, 5, 7, 32119
List the prime factors of 558763.
157, 3559
What are the prime factors of 1987008?
2, 3, 79, 131
What are the prime factors of 2969632?
2, 92801
What are the prime factors of 4284341?
37, 115793
List the prime factors of 2159747.
199, 10853
List the prime factors of 213340.
2, 5, 10667
What are the prime factors of 1558575?
3, 5, 2309
List the prime factors of 1124328.
2, 3, 79, 593
List the prime factors of 213514.
2, 7, 101, 151
List the prime factors of 25781598.
2, 3, 157, 3041
What are the prime factors of 151891?
193, 787
What are the prime factors of 963645?
3, 5, 17, 3779
List the prime factors of 375987.
3, 125329
What are the prime factors of 3488569?
7, 498367
List the prime factors of 6350893.
61, 104113
List the prime factors of 865269.
3, 73, 439
What are the prime factors of 1202475?
3, 5, 16033
What are the prime factors of 1522781?
13, 41, 2857
What are the prime factors of 4862833?
17, 286049
List the prime factors of 1209336.
2, 3, 41, 1229
List the prime factors of 666881.
19, 35099
List the prime factors of 178301.
178301
List the prime factors of 240976.
2, 15061
List the prime factors of 37696781.
29, 313, 4153
What are the prime factors of 2192500?
2, 5, 877
List the prime factors of 16162134.
2, 3, 151, 17839
List the prime factors of 126215.
5, 25243
What are the prime factors of 1175762?
2, 7, 83983
List the prime factors of 414236.
2, 29, 3571
What are the prime factors of 4315405?
5, 863081
What are the prime factors of 2597?
7, 53
What are the prime factors of 4243219?
4243219
List the prime factors of 211461.
3, 70487
What are the prime factors of 5203820?
2, 5, 260191
List the prime factors of 20011.
20011
What are the prime factors of 37920304?
2, 2370019
List the prime factors of 7015.
5, 23, 61
What are the prime factors of 244965?
3, 5, 7, 2333
List the prime factors of 1016271.
3, 112919
What are the prime factors of 696745?
5, 7, 17, 1171
List the prime factors of 34515556.
2, 8628889
List the prime factors of 947101.
109, 8689
List the prime factors of 3865760.
2, 5, 37, 653
What are the prime factors of 762585?
3, 5, 50839
List the prime factors of 7124665.
5, 1424933
List the prime factors of 1584193.
13, 31, 3931
List the prime factors of 6766951.
6766951
What are the prime factors of 919291?
823, 1117
What are the prime factors of 2963068?
2, 47, 15761
List the prime factors of 15257944.
2, 13, 29, 5059
What are the prime factors of 2722392?
2, 3, 37811
List the prime factors of 595551.
3, 11, 18047
What are the prime factors of 382236?
2, 3, 53, 601
List the prime factors of 6960380.
2, 5, 7, 83, 599
List the prime factors of 11868107.
2953, 4019
What are the prime factors of 9253993?
7, 188857
List the prime factors of 1156348.
2, 23, 12569
What are the prime factors of 14208912?
2, 3, 31, 1061
What are the prime factors of 76596?
2, 3, 13, 491
List the prime factors of 895342.
2, 7, 31, 2063
What are the prime factors of 8058664?
2, 139, 7247
What are the prime factors of 8125601?
11, 23, 32117
List the prime factors of 306643.
306643
List the prime factors of 377466.
2, 3, 53, 1187
What are the prime factors of 129378?
2, 3, 21563
What are the prime factors of 436348?
2, 11, 47, 211
List the prime factors of 156971.
156971
What are the prime factors of 1063937?
7, 21713
List the prime factors of 33702.
2, 3, 41, 137
What are the prime factors of 19216752?
2, 3, 19, 1109
What are the prime factors of 9012332?
2, 7, 53, 6073
List the prime factors of 524507.
524507
List the prime factors of 138198.
2, 3, 31, 743
What are the prime factors of 692335?
5, 7, 131, 151
What are the prime factors of 9038?
2, 4519
List the prime factors of 544241.
67, 8123
What are the prime factors of 34092083?
199, 171317
List the prime factors of 195431.
23, 29, 293
What are the prime factors of 9221434?
2, 631, 7307
List the prime factors of 842003.
842003
What are the prime factors of 1069476?
2, 3, 89123
List the prime factors of 2423371.
569, 4259
What are the prime factors of 108003?
3, 7, 37, 139
What are the prime factors of 845959?
29, 31, 941
What are the prime factors of 1833687?
3, 73, 2791
What are the prime factors of 269803?
61, 4423
What are the prime factors of 2799888?
2, 3, 7, 13, 641
What are the prime factors of 7236067?
17, 67, 6353
List the prime factors of 80726.
2, 181, 223
List the prime factors of 10736757.
3, 29, 31, 1327
List the prime factors of 1225716.
2, 3, 23, 4441
What are the prime factors of 14742346?
2, 7371173
List the prime factors of 1948745.
5, 389749
List the prime factors of 1278852.
2, 3, 19, 71, 79
What are the prime factors of 494456?
2, 19, 3253
List the prime factors of 1073882.
2, 43, 12487
What are the prime factors of 205396?
2, 51349
List the prime factors of 3469157.
37, 93761
What are the prime factors of 289180?
2, 5, 19, 761
List the prime factors of 6344980.
2, 5, 281, 1129
List the prime factors of 21626160.
2, 3, 5, 251, 359
List the prime factors of 1046514.
2, 3, 7, 24917
What are the prime factors of 2002162?
2, 1001081
What are the prime factors of 14231956?
2, 877, 4057
List the prime factors of 1792942.
2, 23, 38977
What are the prime factors of 13054521?
3, 17, 255971
List the prime factors of 1472787.
3, 163643
What are the prime factors of 146154?
2, 3, 24359
List the prime factors of 283976.
2, 7, 11, 461
What are the prime factors of 148949?
148949
What are the prime factors of 6337543?
6337543
What are the prime factors of 152829?
3, 16981
What are the prime factors of 691611?
3, 17, 71, 191
List the prime factors of 363336.
2, 3, 15139
What are the prime factors of 23177653?
1559, 14867
What are the prime factors of 302367?
3, 13, 7753
List the prime factors of 3297301.
7, 127, 3709
List the prime factors of 435988.
2, 7, 23, 677
What are the prime factors of 5753136?
2, 3, 29, 4133
List the prime factors of 1423545.
3, 5, 94903
What are the prime factors of 1940459?
1940459
What are the prime factors of 87227?
7, 17, 733
What are the prime factors of 305893?
7, 89, 491
What are the prime factors of 2751190?
2, 5, 13, 21163
List the prime factors of 5584099.
5584099
What are the prime factors of 4981?
17, 293
What are the prime factors of 353422?
2, 176711
List the prime factors of 423369.
3, 47041
What are the prime factors of 3048143?
7, 62207
List the prime factors of 1539104.
2, 7, 6871
List the prime factors of 535059.
3, 7, 19, 149
What are the prime factors of 9426463?
599, 15737
List the prime factors of 19560056.
2, 1531, 1597
What are the prime factors of 253312?
2, 1979
List the prime factors of 35990301.
3, 11996767
What are the prime factors of 354846?
2, 3, 59141
List the prime factors of 192569.
13, 14813
List the prime factors of 776324.
2, 421, 461
List the prime factors of 20837635.
5, 7, 13, 41, 1117
List the prime factors of 3679080.
2, 3, 5, 23, 31, 43
What are the prime factors of 600617?
641, 937
List the prime factors of 785507.
601, 1307
List the prime factors of 18191093.
79, 409, 563
What are the prime factors of 8223416?
2, 823, 1249
What are the prime factors of 155277?
3, 71
List the prime factors of 1180915.
5, 257, 919
List the prime factors of 274633.
67, 4099
List the prime factors of 2550609.
3, 31489
List the prime factors of 1461400.
2, 5, 7307
What are the prime factors of 796206?
2, 3, 132701
List the prime factors of 117380.
2, 5, 5869
What are the prime factors of 809524?
2, 202381
What are the prime factors of 11058193?
23, 29, 59, 281
What are the prime factors of 1219443?
3, 406481
List the prime factors of 1147169.
1147169
List the prime factors of 200954.
2, 13, 59, 131
List the prime factors of 11242531.
11242531
What are the prime factors of 1732838?
2, 19, 31, 1471
What are the prime factors of 386871?
3, 43, 2999
List the prime factors o